{"id":621,"date":"2023-09-21T08:56:54","date_gmt":"2023-09-21T08:56:54","guid":{"rendered":"https:\/\/nyirlategy.hu\/?page_id=621"},"modified":"2023-09-21T09:00:14","modified_gmt":"2023-09-21T09:00:14","slug":"az-egyesulet-celja-feladatai-es-tevekenysege","status":"publish","type":"page","link":"https:\/\/nyirlategy.hu\/index.php\/az-egyesulet-celja-feladatai-es-tevekenysege\/","title":{"rendered":"AZ EGYES\u00dcLET C\u00c9LJA, FELADATAI \u00c9S TEV\u00c9KENYS\u00c9GE"},"content":{"rendered":"\n<p>Az Egyes\u00fclet c\u00e9lja, hogy ell\u00e1ssa tagjai egy\u00e9ni \u00e9s kollekt\u00edv \u00e9rdekv\u00e9delm\u00e9t, ezen bel\u00fcl m\u00f3dot ny\u00fajtson tagjainak \u00e9rdekeik kifejez\u00e9s\u00e9re, lehet\u0151s\u00e9get teremtsen azok \u00e9rv\u00e9nyes\u00edt\u00e9s\u00e9re \u00e9s ell\u00e1ssa<br>\u00e9rdekk\u00e9pviselet\u00fcket. Az Egyes\u00fclet k\u00f6vetkezetesen t\u00f6rekszik a tev\u00e9kenys\u00e9gi k\u00f6r\u00e9be tartoz\u00f3 feladatoknak a tagok \u00e9rdek\u00e9vel \u00f6sszhangban t\u00f6rt\u00e9n\u0151 v\u00e9grehajt\u00e1s\u00e1ra. E tev\u00e9kenys\u00e9get k\u00f6zhaszn\u00fa szervezet<br>form\u00e1j\u00e1ban v\u00e9gzi, nyeres\u00e9g- \u00e9s vagyonszerz\u00e9si c\u00e9l n\u00e9lk\u00fcl szolg\u00e1lja. Az Egyes\u00fclet c\u00e9ljai megval\u00f3s\u00edt\u00e1sa v\u00e9gett a m\u0171k\u00f6d\u00e9si ter\u00fclet\u00e9n \u00e9l\u0151 l\u00e1t\u00e1ss\u00e9r\u00fcltek \u00e9rdek\u00e9ben &#8211; a k\u00f6zhaszn\u00fa szervezetekr\u0151l sz\u00f3l\u00f3 2011.\u00e9vi CLXXV t\u00f6rv\u00e9ny 34. \u00a7 (1) bekezd\u00e9s a. pont rendelkez\u00e9seit alkalmazva az al\u00e1bbi k\u00f6zhaszn\u00fa tev\u00e9kenys\u00e9geket v\u00e9gzi: a) betegs\u00e9gmegel\u0151z\u00e9si tev\u00e9kenys\u00e9g (TE\u00c1OR szerint: 85.14 Egy\u00e9b hum\u00e1neg\u00e9szs\u00e9g\u00fcgyi ell\u00e1t\u00e1s);<br>b) szoci\u00e1lis tev\u00e9kenys\u00e9g, csal\u00e1dseg\u00edt\u00e9s, id\u0151skor\u00faak gondoz\u00e1sa (TE\u00c1OR szerint: 85.32 Szoci\u00e1lis ell\u00e1t\u00e1s elhelyez\u00e9s n\u00e9lk\u00fcl);<br>c) k\u00e9pess\u00e9gfejleszt\u00e9si, ismeretterjeszt\u00e9si feladatok ell\u00e1t\u00e1sa (TE\u00c1OR szerint: 80.42 M\u00e1shova nem sorolt feln\u0151tt- \u00e9s egy\u00e9b oktat\u00e1s);<br>d) kultur\u00e1lis tev\u00e9kenys\u00e9g (TE\u00c1OR szerint: 92.51 K\u00f6nyvt\u00e1ri, lev\u00e9lt\u00e1ri tev\u00e9kenys\u00e9g);<br>e) a l\u00e1t\u00e1ss\u00e9r\u00fcltek, mint h\u00e1tr\u00e1nyos helyzet\u0171 csoport fogyat\u00e9kos szem\u00e9lyek \u00e9s rom\u00e1k<br>t\u00e1rsadalmi es\u00e9lyegyenl\u0151s\u00e9g\u00e9t fejleszt\u0151 tev\u00e9kenys\u00e9g (TE\u00c1OR szerint: 91.33 M\u00e1shova nem sorolt egy\u00e9b k\u00f6z\u00f6ss\u00e9gi, t\u00e1rsadalmi tev\u00e9kenys\u00e9g);<br>f) munkaer\u0151piacon h\u00e1tr\u00e1nyos helyzet\u0171 r\u00e9tegek k\u00e9pz\u00e9s\u00e9nek, foglalkoztat\u00e1s\u00e1nak el\u0151seg\u00edt\u00e9se \u00e9s a kapcsol\u00f3d\u00f3 szolg\u00e1ltat\u00e1sok biztos\u00edt\u00e1sa (TE\u00c1OR szerint 85.32 Szoci\u00e1lis ell\u00e1t\u00e1s elhelyez\u00e9s n\u00e9lk\u00fcl).<br>G. Egyes\u00fcleten bel\u00fcli sporttev\u00e9kenys\u00e9g TE\u00c1OR szerint 93.12<\/p>\n\n\n\n<p>2023.06.29.-\u00e9n egyes\u00fclet\u00fcnk v\u00e1laszt\u00f3k\u00f6zgy\u0171l\u00e9st tartott, melynek keret\u00e9ben megv\u00e1lasztotta az \u00faj tiszts\u00e9gvisel\u0151ket.<br>Egyes\u00fclet eln\u00f6ke : Apai M\u00e1ria Gy\u00f6ngyi<br>Aleln\u00f6ke : G\u00f6r\u00f6mbei Ferencn\u00e9<br>Eln\u00f6ks\u00e9gi Tag : Konyh\u00e1s J\u00e1nosn\u00e9<br>P\u00f3ttagok : G\u00e1l J\u00f3zsefn\u00e9, Varga J\u00e1nosn\u00e9<\/p>\n\n\n\n<p>Fel\u00fcgyel\u00f6bizotts\u00e1g eln\u00f6ke : P\u00f3csik Piroska<br>FB.tagok : Berecz L\u00e1szl\u00f3n\u00e9<br>Fedor L\u00e1szl\u00f3n\u00e9<br>P\u00f3ttag : Sinka J\u00e1nosn\u00e9<\/p>\n\n\n\n<p><\/p>\n","protected":false},"excerpt":{"rendered":"<p>Az Egyes\u00fclet c\u00e9lja, hogy ell\u00e1ssa tagjai egy\u00e9ni \u00e9s kollekt\u00edv \u00e9rdekv\u00e9delm\u00e9t, ezen bel\u00fcl m\u00f3dot ny\u00fajtson tagjainak \u00e9rdekeik kifejez\u00e9s\u00e9re, lehet\u0151s\u00e9get teremtsen azok \u00e9rv\u00e9nyes\u00edt\u00e9s\u00e9re \u00e9s ell\u00e1ssa\u00e9rdekk\u00e9pviselet\u00fcket. Az Egyes\u00fclet k\u00f6vetkezetesen t\u00f6rekszik a tev\u00e9kenys\u00e9gi k\u00f6r\u00e9be tartoz\u00f3 feladatoknak a tagok \u00e9rdek\u00e9vel \u00f6sszhangban t\u00f6rt\u00e9n\u0151 v\u00e9grehajt\u00e1s\u00e1ra. E tev\u00e9kenys\u00e9get k\u00f6zhaszn\u00fa szervezetform\u00e1j\u00e1ban v\u00e9gzi, nyeres\u00e9g- \u00e9s vagyonszerz\u00e9si c\u00e9l n\u00e9lk\u00fcl szolg\u00e1lja. Az Egyes\u00fclet c\u00e9ljai megval\u00f3s\u00edt\u00e1sa v\u00e9gett a&#8230;<\/p>\n","protected":false},"author":1,"featured_media":0,"parent":0,"menu_order":0,"comment_status":"closed","ping_status":"closed","template":"","meta":{"footnotes":""},"class_list":["post-621","page","type-page","status-publish","hentry"],"_links":{"self":[{"href":"https:\/\/nyirlategy.hu\/index.php\/wp-json\/wp\/v2\/pages\/621","targetHints":{"allow":["GET"]}}],"collection":[{"href":"https:\/\/nyirlategy.hu\/index.php\/wp-json\/wp\/v2\/pages"}],"about":[{"href":"https:\/\/nyirlategy.hu\/index.php\/wp-json\/wp\/v2\/types\/page"}],"author":[{"embeddable":true,"href":"https:\/\/nyirlategy.hu\/index.php\/wp-json\/wp\/v2\/users\/1"}],"replies":[{"embeddable":true,"href":"https:\/\/nyirlategy.hu\/index.php\/wp-json\/wp\/v2\/comments?post=621"}],"version-history":[{"count":3,"href":"https:\/\/nyirlategy.hu\/index.php\/wp-json\/wp\/v2\/pages\/621\/revisions"}],"predecessor-version":[{"id":625,"href":"https:\/\/nyirlategy.hu\/index.php\/wp-json\/wp\/v2\/pages\/621\/revisions\/625"}],"wp:attachment":[{"href":"https:\/\/nyirlategy.hu\/index.php\/wp-json\/wp\/v2\/media?parent=621"}],"curies":[{"name":"wp","href":"https:\/\/api.w.org\/{rel}","templated":true}]}}

AZ EGYESÜLET CÉLJA, FELADATAI ÉS TEVÉKENYSÉGE

<p>Az Egyesület célja, hogy ellássa tagjai egyéni és kollektív érdekvédelmét, ezen belül módot nyújtson tagjainak érdekeik kifejezésére, lehetőséget teremtsen azok érvényesítésére és ellássa<br>érdekképviseletüket. Az Egyesület következetesen törekszik a tevékenységi körébe tartozó feladatoknak a tagok érdekével összhangban történő végrehajtására. E tevékenységet közhasznú szervezet<br>formájában végzi, nyereség- és vagyonszerzési cél nélkül szolgálja. Az Egyesület céljai megvalósítása végett a működési területén élő látássérültek érdekében &#8211; a közhasznú szervezetekről szóló 2011.évi CLXXV törvény 34. § (1) bekezdés a. pont rendelkezéseit alkalmazva az alábbi közhasznú tevékenységeket végzi: a) betegségmegelőzési tevékenység (TEÁOR szerint: 85.14 Egyéb humánegészségügyi ellátás);<br>b) szociális tevékenység, családsegítés, időskorúak gondozása (TEÁOR szerint: 85.32 Szociális ellátás elhelyezés nélkül);<br>c) képességfejlesztési, ismeretterjesztési feladatok ellátása (TEÁOR szerint: 80.42 Máshova nem sorolt felnőtt- és egyéb oktatás);<br>d) kulturális tevékenység (TEÁOR szerint: 92.51 Könyvtári, levéltári tevékenység);<br>e) a látássérültek, mint hátrányos helyzetű csoport fogyatékos személyek és romák<br>társadalmi esélyegyenlőségét fejlesztő tevékenység (TEÁOR szerint: 91.33 Máshova nem sorolt egyéb közösségi, társadalmi tevékenység);<br>f) munkaerőpiacon hátrányos helyzetű rétegek képzésének, foglalkoztatásának elősegítése és a kapcsolódó szolgáltatások biztosítása (TEÁOR szerint 85.32 Szociális ellátás elhelyezés nélkül).<br>G. Egyesületen belüli sporttevékenység TEÁOR szerint 93.12</p>



<p>2023.06.29.-én egyesületünk választóközgyűlést tartott, melynek keretében megválasztotta az új tisztségviselőket.<br>Egyesület elnöke : Apai Mária Gyöngyi<br>Alelnöke : Görömbei Ferencné<br>Elnökségi Tag : Konyhás Jánosné<br>Póttagok : Gál Józsefné, Varga Jánosné</p>



<p>Felügyelöbizottság elnöke : Pócsik Piroska<br>FB.tagok : Berecz Lászlóné<br>Fedor Lászlóné<br>Póttag : Sinka Jánosné</p>



<p></p>

<p>Az Egyesület célja, hogy ellássa tagjai egyéni és kollektív érdekvédelmét, ezen belül módot nyújtson tagjainak érdekeik kifejezésére, lehetőséget teremtsen azok érvényesítésére és ellássaérdekképviseletüket. Az Egyesület következetesen törekszik a tevékenységi körébe tartozó feladatoknak a tagok érdekével összhangban történő végrehajtására. E tevékenységet közhasznú szervezetformájában végzi, nyereség- és vagyonszerzési cél nélkül szolgálja. Az Egyesület céljai megvalósítása végett a&#8230;</p>
